inder when q is divided by 17?
14
Suppose 78*h - 33*h - 7785 = 0. Calculate the remainder when 184 is divided by h.
11
Let u(d) = -4 - d**2 - 8*d**3 - 8*d**3 + 32*d**3 + 3*d - 14*d**3. Let n be u(2). Suppose -397 = -n*k + 485. Calculate the remainder when k is divided by 33.
30
Suppose -3*x - 2*j + j = -50, -3*j + 6 = 0. Let m = 113 + -115. Let q(f) = 9*f**2 + 5*f + 5. What is the remainder when q(m) is divided by x?
15
Suppose 3*l - 105 = -3*c - 0*c, 3*l = 5*c - 175. Let r be 1036/c - (-6)/(-10). Suppose r - 21 = a. Calculate the remainder when 13 is divided by a.
5
Suppose 92 = 3*u + b, 0 = -u + 103*b - 107*b + 49. Calculate the remainder when 317 is divided by u.
27
Let b(r) = 3*r**2 + 7*r + 16. Let m(o) = 2*o**2 + 7*o + 16. Let x(v) = 5*b(v) - 6*m(v). What is the remainder when 97 is divided by x(6)?
47
Let d = -10 + -44. Let h = d + 54. Suppose 11*a + h*a = 869. Calculate the remainder when a is divided by 42.
37
Let v(d) = 54*d + 90. Calculate the remainder when 227 is divided by v(1).
83
Let d(m) = 8*m + 120. Let k = 609 + -604. What is the remainder when d(-12) is divided by k?
4
Let k(f) = f**3 + 5*f**2 + 4*f + 1. Let s(z) = 3*z + 35. Let a be s(-15). Let r = -13 - a. Calculate the remainder when 10 is divided by k(r).
3
Let r be ((-58)/87)/(4/1746). Let a = 326 + r. Calculate the remainder when 732 is divided by a.
32
Let a(r) be the second derivative of r**5/10 - r**4/2 - r**3/3 - 5*r**2 - 3*r - 25. Calculate the remainder when 276 is divided by a(4).
10
Let g be (4 - 9)*(-1 - -2) + 5. Suppose g = 3*i - 69 - 33. Calculate the remainder when i is divided by 18.
16
Let i(z) be the first derivative of 5*z**3/3 - 3*z**2/2 - 7*z + 8. Let n be i(4). Let y = 1 + n. Calculate the remainder when y is divided by 16.
14
Suppose 0 = -z, -4*c - 272*z + 268*z = -316. Calculate the remainder when c is divided by 49.
30
Let q = 116 - -34. Suppose -4*f - l + q = l, -2*l = -4*f + 154. Calculate the remainder when 111 is divided by f.
35
Let a(l) = -12*l**2 - 2*l + 3687. What is the remainder when a(0) is divided by 17?
15
Suppose -3*m - 16*m = -35*m + 1264. What is the remainder when 710 is divided by m?
78
Let d = 203 - 109. Suppose 1666 = 147*q - 140*q. Let o = -213 + q. What is the remainder when d is divided by o?
19
Let h = 21206 - 20939. Calculate the remainder when 1061 is divided by h.
260
What is the remainder when (0 - (-755960)/180) + 5/((-135)/(-6)) is divided by 1049?
4
Suppose 2373*o + 377 = 2386*o - 1391. Calculate the remainder when 1493 is divided by o.
133
Suppose -l - 40 = -2*t, 4*t - t + 5*l - 73 = 0. Suppose -1893 = -3*u + 6*i - 10*i, 5*u = -5*i + 3125. What is the remainder when u is divided by t?
19
Suppose -675 = o + 2*x, -4*o - 26*x = -21*x + 2709. Let y = o - -747. What is the remainder when 324 is divided by y?
60
Suppose 3058 - 4150 = -28*t. What is the remainder when t is divided by 8?
7
Let s = 2982 + -2661. Calculate the remainder when s is divided by 69.
45
Let j(d) = 5*d**2 + 3*d. Suppose 9*o = 4*o. Suppose 0 = -3*r - o*r + 159. Calculate the remainder when r is divided by j(-2).
11
Suppose -64*u + 6554 = 162*u. Suppose 4*a + 10 = -2. What is the remainder when 9/a + (-172)/(-2) is divided by u?
25
Suppose -5*c + 15 = 0, -c = 5*f - 8 + 105. Let h = f - -35. Let o(t) = 3*t**2 + 224*t + 790. Calculate the remainder when h is divided by o(-71).
6
Let l(k) = 8*k**2 - 6*k - 21. What is the remainder when 224 is divided by l(-3)?
17
Suppose -5*k + 9*l = 6*l - 28, 0 = 3*k - 2*l - 17. Suppose -k*x - 9 = -2*f + 71, 3*f = -x + 120. Calculate the remainder when 64 is divided by f.
24
Let u = 193 + 27. Calculate the remainder when 4/7 - (u/(-7) + -1) is divided by 1/(-2*4/(-48)).
3
Let o be ((-13)/(-26))/(2 + 10/(-4)). Calculate the remainder when 101 is divided by 70/4*(7/5 + o).
3
Suppose -18*r - 150*r + 622104 = 0. Calculate the remainder when r is divided by 206.
201
Suppose 0 = -7511*m + 7534*m - 161. Let v(h) = -7*h - 3. Calculate the remainder when v(-2) is divided by m.
4
Suppose -772 = 4*q - 2136. Suppose 1476 = 27*l + 44*l + 198. What is the remainder when q is divided by l?
17
Let u(n) = 3*n**2 + 4*n - 1. Let z be u(7). Suppose 5*h - 196 = -5*b + 219, 2*h + 4*b - z = 0. What is the remainder when h is divided by 14?
9
Let a = -462591 + 462609. Let s be 22 - (-2 - 1 - -1). Suppose p + 0*p - s = -4*q, 3*q - 53 = -2*p. What is the remainder when p is divided by a?
10
Let v(s) = -s**3 + 5*s**2 + 19*s - 29. Let g be v(7). What is the remainder when (-296)/(-3) + g/(-72)*-4 is divided by 35?
29
Suppose 74 = 7*s - 220. Calculate the remainder when ((-31)/((-1085)/s))/(3/1570) is divided by 21.
19
Let u(a) = -a**3 - 28*a**2 - 86*a - 703. Calculate the remainder when 402 is divided by u(-26).
40
Let n = 14195 - 14165. What is the remainder when 10766 is divided by n?
26
Suppose -7*f + 101*f = 18*f + 45676. What is the remainder when f is divided by 96?
25
Suppose 0 = 5*t - 4*p + 7*p + 5, 9 = -t + p. What is the remainder when 291 is divided by 9/2 + t - 485/(-10)?
46
Suppose -33*y - 17*y = -6550. Calculate the remainder when 406 is divided by y.
13
Suppose 0 = -5*a + 5*b + 140, a + 8*b - 13 = 12*b. Suppose 5*u + 6*g - g = 2970, 0 = 3*u - 2*g - 1777. What is the remainder when u is divided by a?
32
Let y = 45 - 41. Suppose -3*m - 68 = -y*u - 0*m, -51 = -3*u + m. Let s(d) = -65*d. What is the remainder when s(-1) is divided by u?
14
Let w = -128 - -207. Suppose 6*v - 3252 = -3*u + 10*v, u + 2*v - 1084 = 0. Let i = u + -1061. What is the remainder when w is divided by i?
10
Let y(r) = -2*r**2 - 28*r + 6. Let o = 402 + 170. What is the remainder when o is divided by y(-11)?
68
Suppose i - 4*l = 70, 0 = i - 110*l + 107*l - 69. Calculate the remainder when 10557 is divided by i.
63
Let i = -1500 + 2165. Let u = -651 + i. What is the remainder when 51 is divided by u?
9
Let c(z) = -12*z + 4. Let h be c(-11). Let l = h + -116. Let v(d) = 4*d**2 + 2*d - 1. What is the remainder when l is divided by v(-2)?
9
Let s(g) = -3*g**2 + 21*g + 8. Let d = 1 - 1. Suppose -2*w + 12 = 4*r - 6*r, d = -w - 2*r + 6. Calculate the remainder when s(7) is divided by w.
2
Suppose 4*n + 5*s - 85 = 2*n, -2*n + 4*s + 76 = 0. Let y = n + -71. Let c = 41 + y. What is the remainder when 29 is divided by c?
9
Let p = -2022 + 2169. Calculate the remainder when 1778 is divided by p.
14
Let b(k) = 15*k**2 - 39*k - 12. Let y be b(5). Let s(t) = -t**3 - 4*t**2 - 4*t - 5. Calculate the remainder when s(-4) is divided by (y/8)/(5 - 2).
4
Let p = 9 - -176. Suppose -c + p = 4*c. Let s = 65 - 46. Calculate the remainder when c is divided by s.
18
Let b(l) = -2*l**3 - 2*l**2 + 2*l - 1. Let x be b(1). Calculate the remainder when (91 - 1) + x + 2 is divided by 32.
25
Let j = 13942 - 13452. What is the remainder when j is divided by 20?
10
Let y = -834 - -1018. Let n(l) = -2*l**3 - 9*l**2 - 8*l - 1. Let a be n(-6). Suppose -7*z = -12*z + a. Calculate the remainder when y is divided by z.
29
Suppose 0 = 33*s - 5*s + 532. Let t(y) = y**2 + 21*y + 50. Suppose -3*g + 104 + 25 = 0. Calculate the remainder when g is divided by t(s).
7
Suppose 360 = 8*m + 7*m. Suppose -4*v - 5*d + 781 = -131, -4*v = -2*d - 940. Calculate the remainder when v is divided by m.
17
Let x(v) = 21*v - 455. What is the remainder when x(35) is divided by 44?
16
Let l = 213 + -209. Suppose 0 = -l*y + 3*x + 377, 2*y - 7*y + 470 = -4*x. What is the remainder when y is divided by 11?
10
What is the remainder when 3548 is divided by (1 + -75 + 10)*3/(-2)?
92
Suppose -23*t + 18*t = -4*k - 750, 2*t - 282 = -2*k. What is the remainder when t is divided by 38?
32
Suppose 154*i - 1991 = 178*i - 6551. Let r(f) = 65*f**2 - 2*f + 1. Calculate the remainder when i is divided by r(1).
62
Suppose w - 5 = 5*l - 1, -l = 0. Suppose w*h = 8, 5*f - 313 = -5*h + 37. Calculate the remainder when f is divided by ((-144)/28)/(3/(-21)).
32
Suppose 1239 = 4*t + 5*n, -2*t + 445 = 7*n - 206. What is the remainder when t is divided by 33?
4
Let s = -7078 - -7159. What is the remainder when 1833 is divided by s?
51
Let v = 4 - -8. Suppose 3*i = -i - v, -3*d = 2*i - 261. Calculate the remainder when d is divided by (12 - 152/19) + 13*2.
29
Suppose 17*q - 1552 - 1032 = 0. Calculate the remainder when 258 is divided by q.
106
Suppose -